)*(-1)/(-2). Let d = o - m. What is the hundreds digit of d?
1
Suppose 0 = -v + 5*r + 167, 769 = 5*v - 0*v - 3*r. Suppose -v = -5*q - 142. Suppose -3*o + 217 = 2*x + 74, q*o - 94 = -x. What is the units digit of o?
5
Let y(h) = 3454*h - 801. What is the tens digit of y(5)?
6
Suppose -6*k - 3*k - 423 = 0. Let r = 20 - k. Suppose -5*x - r = -2*z, -2*z = z + 4*x - 89. What is the tens digit of z?
3
Let k(s) = -7*s - 75. Let v be k(-13). Suppose -v*y + 9675 = -y. What is the units digit of y?
5
Let v(t) = -104*t - 220. What is the thousands digit of v(-40)?
3
Let i = 100 + -105. What is the units digit of (-1)/((25/i)/1130)?
6
Let i(g) = -4*g + 18. Let k be i(4). Suppose k*u = -5*z + 2844, -5*u + 1725 = 3*z - 10*u. What is the hundreds digit of z?
5
Suppose 4*q - 12 = -4*y, 2*q - y + 6*y - 15 = 0. Suppose 0 = -h - 5*w + 193 + 77, 2*h - 3*w - 540 = q. What is the tens digit of h?
7
Suppose 115*n + 16*n - 1102400 = -81*n. What is the thousands digit of n?
5
What is the tens digit of 184368/26 + 19/(-247)?
9
Suppose 29*q = 25*q. Suppose 3*v - 3*w + 972 - 5292 = 0, w = -4*v + 5760. Suppose 5*s - v + 550 = q. What is the tens digit of s?
7
Let g(a) be the third derivative of -7*a**4/24 - 11*a**3/6 - a**2. Let h be g(-13). Let b = h + -53. What is the units digit of b?
7
Let l(c) = c**3 + 17*c**2 - 4*c + 27. Let s be l(-11). Suppose -s = -u + 692. What is the tens digit of u?
8
Let v(x) = -22*x**2 - 699*x + 32. What is the tens digit of v(-22)?
6
Let h be 0 - -9 - -2*(-3)/(-2). Suppose -7*f = -h*f - 290. Let x = f - -132. What is the units digit of x?
4
Suppose 37030 = 5*y + o, 0 = -2*o + 3*o - 5. What is the tens digit of y?
0
Let w be 155 - -9*8/24. Suppose w = 4*s - 4*u - 1606, -432 = -s - 2*u. What is the hundreds digit of s?
4
Let r be ((-624)/(-65))/((-9)/(-30)). Suppose 25*m - r*m = -294. What is the units digit of m?
2
Let r(i) = -i**2 + 5*i + 22. Let w be r(7). Let c(d) be the first derivative of d**4/4 - 7*d**3/3 - d**2/2 + 3*d - 18. What is the units digit of c(w)?
9
Suppose 0 = 3*i - 5*u - 22398 - 63680, u = -4*i + 114740. What is the units digit of i?
6
Let c be 22 + -19 - (-1 - 8). Let u(a) = 24*a - 54. What is the units digit of u(c)?
4
Let i(b) = -b**3 + 13*b**2 - 4*b + 4. Let g(t) be the third derivative of t**5/5 - t**4/8 - 5*t**3/6 + 7*t**2. Let h be g(-1). What is the tens digit of i(h)?
6
Let p(v) = 32*v - 15. Let y be p(9). Suppose -14*f + 12*f + 854 = 0. Suppose 2*b - f = -5*m, 5*b - 2*b + y = 3*m. What is the tens digit of m?
8
Suppose -23*g + 14994 = 21*g + 5*g. Suppose 5*r = 4*t + 120, 2*t = 3*r + 2*r - 70. Let i = g + t. What is the tens digit of i?
8
Let d(k) = 39*k**2 - 5*k - 10. Let a be d(5). Suppose -242 = -3*c + a. Suppose i - c = -i. What is the tens digit of i?
9
What is the units digit of ((-14)/28)/((-9)/50346)?
7
Suppose -154791 = -3*f - 3*i, -5*f + 178803 = -i - 79212. What is the units digit of f?
2
Suppose z + 5 = 0, 1830 = o - z - 2214. What is the thousands digit of o?
4
Let d = -1168 - -672. Let k = 737 + d. What is the units digit of k?
1
Let i be (2 - 4)/2*4 + -197. Let m = 9 + i. Let f = m - -332. What is the units digit of f?
0
Let c = 20 - 285. Let b = c - -784. What is the units digit of b?
9
Let g(s) = 127*s**3 + s**2 - 37*s + 236. What is the thousands digit of g(4)?
8
Suppose 2*g + 30 = 8*g. Suppose 0 = 2*s - 9*a + 12*a - 538, -1345 = -g*s - 3*a. What is the units digit of s?
9
Suppose 6*n = -121 + 145. Suppose 0 = -o - 5*c + 821, 0 = -n*o - 0*o + 3*c + 3376. What is the units digit of o?
1
Suppose 0 = -4*w + 5*s + 169, w - 3*s = -6*s + 21. Suppose k - w*b = -37*b + 174, -b - 530 = -3*k. What is the units digit of k?
6
Let n(t) = 2*t**3 + 151*t**2 + 10*t + 21. What is the hundreds digit of n(-75)?
8
Let d(h) = 21 - 33*h**3 + 13 + 18*h**2 - 22*h**3 + 56*h**3. Suppose n = -4*s - 77, 3*s = -s + n - 67. What is the tens digit of d(s)?
3
What is the units digit of 0 - 5 - (-5529 - -80)?
4
Suppose 3839 = 19*o + 25879. Let z = 2039 + o. What is the hundreds digit of z?
8
Suppose -l + 2*d + 455 = 0, -3*l + 4*d = -848 - 517. Suppose 5*c = 2*z + l + 1248, z = -4*c + 1352. What is the units digit of c?
9
Let a(o) = -281*o**3 - 2 + 282*o**3 - 6*o + 8 - 4*o**2. Let z be a(5). What is the hundreds digit of 104 + -6 + (z - -3)?
1
Let s(p) = 101*p**3 - 10*p**2 - 4*p - 8. Let m(o) = -101*o**3 + 11*o**2 + 3*o + 8. Let g(z) = -5*m(z) - 6*s(z). What is the units digit of g(-2)?
8
Let b be 195/(-21) + (1 - 15/21). Let a = -6 - b. What is the tens digit of 149 + (0 - a)/(-5 - -6)?
4
Suppose 58640 = 5*u + n, -4*n + 58655 = 41*u - 36*u. What is the thousands digit of u?
1
Suppose 12*g - 2*g = 200. Let k be g/(-42)*-3 + (-162)/378. Let r = 90 + k. What is the units digit of r?
1
Let h = -2960 - -8731. What is the tens digit of h?
7
Suppose -13*u = -75*u - 75640. Let k = 2704 + u. What is the units digit of k?
4
Suppose 0 = 18*w - 251616 + 69762. What is the units digit of w?
3
Let r = -120 + 125. Suppose 2*i + r = -3*n, 2*i + 14 = 2*n - i. What is the tens digit of 4/18 + n*(-2065)/(-63)?
3
Let j = 50 + -45. Suppose -2*q + 3*q - 129 = -4*m, q + j*m = 125. What is the units digit of q?
5
Let h be (1 - 0/1)/((-6)/(-5766)). Suppose -2*m = -h + 101. What is the tens digit of m?
3
Suppose -4*w = -12, -p - 3*w + 10 - 1 = 0. Suppose -f + t + 876 = f, -3*f + 5*t + 1300 = p. What is the units digit of f?
0
Let k(y) = 48*y**3 + y**2 + 12. Let c be k(4). Suppose -4*g + 9*g = -4*t + c, -5*g - 2325 = -3*t. What is the hundreds digit of t?
7
Let r = -5484 - -9421. What is the tens digit of r?
3
Let q(y) = 15*y - 128. Let f(a) = 16*a - 124. Let s(j) = 5*f(j) - 6*q(j). What is the hundreds digit of s(-6)?
2
Let y be ((-4)/3)/((-44)/2409). Let n = y - 73. Suppose -2*q = -2, n*s = -5*s - 3*q + 853. What is the tens digit of s?
7
What is the thousands digit of ((-1)/((-2)/(-316)))/((-218)/1417)?
1
What is the tens digit of 296708/38 + (-484)/4598?
0
Let j be 1*(3 + (-1 - 2)). Let i be -1*(j - -1) - (-16 - -15). Suppose 4*p = 4, 3*q + i*p = 5*p + 232. What is the tens digit of q?
7
Let p(v) = -v**2 - 5*v + 2. Let a be p(-4). Suppose 11*h - 405 = a*h. Let j = 109 - h. What is the units digit of j?
8
Suppose a = 4*a. Let u be ((-4)/(-8))/((2 - a)/1412). Suppose 0 = 6*x - u - 871. What is the units digit of x?
4
What is the units digit of (13836/(-4))/(((-84)/(-35))/(-4))?
5
Let q(k) = -k**3 - 13*k**2 + 11*k - 39. Let o be q(-14). Suppose 0 = -h - o*h, 3*v - 192 = -4*h. What is the units digit of v?
4
Suppose z + 20 - 3 = 5*i, 3*i - 7 = -z. What is the tens digit of 1696/i - (12/(-9))/(-4)?
6
Let i be 1/4 - (21/(-28) - 4). Suppose -i*g - 2*y + 2565 = 0, 0*y = -4*g - 4*y + 2052. What is the tens digit of g?
1
Let d(i) = -15 + 17*i**3 + 6*i - 14*i**2 + 11*i**3 + 21*i**2 + 70*i**3 - 9*i**2. What is the hundreds digit of d(2)?
7
Suppose -2*w - 46044 = 26*w - 278276. What is the thousands digit of w?
8
Suppose 5*m = -347 + 2122. Let h = 410 - m. What is the tens digit of h?
5
Let x = -468 + -1720. Let l = 3787 + x. What is the units digit of l?
9
Let k be 12668/(-12) + 10/6. Let g = k - -1496. What is the hundreds digit of g?
4
Let z(p) = p**3 - 75*p**2 + 182*p - 510. What is the units digit of z(73)?
8
Suppose 2*z - 2 = -3*h - 0*z, 0 = -5*z - 25. Suppose -4*g + g - 6 = -4*k, -4 = h*g - 4*k. What is the tens digit of 2714/18 - 0 - g/(-9)?
5
Let o(d) = -9*d**3 + 38*d**2 + 38*d + 69. What is the units digit of o(-13)?
0
Let a be 1/1*(-2 - -8). Let c(u) = 23*u - 4 + 0 + 1 + 9 + 3. What is the hundreds digit of c(a)?
1
Let d = 80 - 72. Suppose 44620 = d*u + 38*u. What is the hundreds digit of u?
9
Suppose 3*o + 5*n = 242, -4*o - 5*n - 52 = -383. Let g = o - 39. Let a = 66 - g. What is the tens digit of a?
1
Let n = 19 - 0. Let j = n + -18. What is the tens digit of (-3)/j + 29 - 3?
2
Let t be 63/(-15)*-5*2/6. Let f(i) = 29*i - 81. What is the units digit of f(t)?
2
Let d = 5805 + -3563. Suppose 3*i - 796 - d = 4*j, -5*i + 5*j + 5055 = 0. What is the hundreds digit of i?
0
Let y be (48/30)/((-2)/10). Let t be y/(-32) + 163*18/8. Suppose -5*i + 2*z - 6*z = -t, 0 = 4*z + 8. What is the tens digit of i?
7
Suppose 4*k - 3*u - 226 = -19, -5*k + 250 = 5*u. Let l = -46 + k. Suppose -2*a + 0*a = -2*h - 150, 0 = l*a + 3*h - 415. What is the units digit of a?
0
L